{"id":78,"date":"2022-01-31T23:30:13","date_gmt":"2022-02-01T04:30:13","guid":{"rendered":"https:\/\/edicionesauriseduca.com\/web\/?page_id=78"},"modified":"2022-03-02T14:48:28","modified_gmt":"2022-03-02T19:48:28","slug":"normas-para-autores-aurisletras","status":"publish","type":"page","link":"https:\/\/edicionesauriseduca.com\/web\/normas-para-autores-aurisletras\/","title":{"rendered":"Normas para autores"},"content":{"rendered":"\n<p><strong>I. Sobre la naturaleza de los textos<\/strong><\/p>\n\n\n\n<p>1. Solo se aceptar\u00e1n trabajos originales e in\u00e9ditos.<\/p>\n\n\n\n<p>2. Los textos deben estar en castellano.<\/p>\n\n\n\n<p>3. La manuscritos se escribe en una extensi\u00f3n de una a dos carillas en A4.<\/p>\n\n\n\n<p>4. Los temas abordados son libres.<\/p>\n\n\n\n<p><strong>II. Sobre las condiciones del env\u00edo<\/strong><\/p>\n\n\n\n<p>1. Los trabajos deben enviarse en formato Word, Times new Rom\u00e1n, 12 puntos, con interlineado a espacio y medio, en p\u00e1gina formato A4, margen total de 2.5cm, por correo electr\u00f3nico a, auriseduca@gmail.com.<\/p>\n\n\n\n<p>2. Deber\u00e1 incluirse el t\u00edtulo, cuerpo del texto.<\/p>\n\n\n\n<p>3. Es obligatorio adjuntar una imagen tem\u00e1tica, tama\u00f1o razonable, acompa\u00f1ado de fuente.<\/p>\n\n\n\n<p>4. Es necesario el env\u00edo de foto del autor en alta resoluci\u00f3n.<\/p>\n\n\n\n<p>5. Los textos deben pertenecer a un solo autor.<\/p>\n\n\n\n<p>6. Se deber\u00e1 adjuntar nombre de autor(a), afiliaci\u00f3n institucional, experticia y E-mail.<\/p>\n\n\n\n<p><strong>III. Sobre la estructura de los textos<\/strong><\/p>\n\n\n\n<p><strong>1.&nbsp;&nbsp;&nbsp;&nbsp;&nbsp;Cuento:&nbsp;<\/strong><\/p>\n\n\n\n<p>T\u00edtulo (breve)<\/p>\n\n\n\n<p>Autor\u00eda. (Nombre completo, filiaci\u00f3n institucional, m\u00e1ximo grado acad\u00e9mico y experticia)<\/p>\n\n\n\n<p>Texto o contenido<\/p>\n\n\n\n<p>Extensi\u00f3n, de 380 a 40 palabras<\/p>\n\n\n\n<p>Imagen tem\u00e1tico obligatorio, citando la fuente de donde se ha tomado.<\/p>\n\n\n\n<p><strong>2.&nbsp;&nbsp;&nbsp;&nbsp; Poema:<\/strong><\/p>\n\n\n\n<p>T\u00edtulo<\/p>\n\n\n\n<p>Autor\u00eda. (Nombre completo, filiaci\u00f3n institucional, m\u00e1ximo grado acad\u00e9mico y experticia)<\/p>\n\n\n\n<p>Introducci\u00f3n<\/p>\n\n\n\n<p>Texto o contenido<\/p>\n\n\n\n<p>Libre<\/p>\n\n\n\n<p>Extensi\u00f3n, de una a dos carillas en A4.<\/p>\n\n\n\n<p>Imagen tem\u00e1tico obligatorio, citando la fuente de donde se ha tomado.<\/p>\n\n\n\n<p><strong>3.&nbsp;&nbsp;&nbsp;&nbsp;&nbsp;Rese\u00f1a:&nbsp;<\/strong><\/p>\n\n\n\n<p>T\u00edtulo &nbsp;(breve)<\/p>\n\n\n\n<p>Autor\u00eda. (Nombre completo, filiaci\u00f3n institucional, m\u00e1ximo grado acad\u00e9mico y experticia)<\/p>\n\n\n\n<p>Texto o contenido<\/p>\n\n\n\n<p>Extensi\u00f3n de 380 a 400 palabras<\/p>\n\n\n\n<p>Imagen tem\u00e1tico obligatorio, citando la fuente de donde se ha tomado.<\/p>\n","protected":false},"excerpt":{"rendered":"<p>I. Sobre la naturaleza de los textos 1. Solo se aceptar\u00e1n trabajos originales e in\u00e9ditos. 2. Los textos deben estar en castellano. 3. La manuscritos se escribe en una extensi\u00f3n &hellip; <a href=\"https:\/\/edicionesauriseduca.com\/web\/normas-para-autores-aurisletras\/\" class=\"more-link\">Read More<\/a><\/p>\n","protected":false},"author":2,"featured_media":0,"parent":0,"menu_order":0,"comment_status":"closed","ping_status":"closed","template":"","meta":{"footnotes":""},"class_list":["post-78","page","type-page","status-publish","hentry","entry"],"yoast_head":"<!-- This site is optimized with the Yoast SEO plugin v27.4 - https:\/\/yoast.com\/product\/yoast-seo-wordpress\/ -->\n<title>Normas para autores - Ediciones Auriseduca<\/title>\n<meta name=\"robots\" content=\"index, follow, max-snippet:-1, max-image-preview:large, max-video-preview:-1\" \/>\n<link rel=\"canonical\" href=\"https:\/\/edicionesauriseduca.com\/web\/normas-para-autores-aurisletras\/\" \/>\n<meta property=\"og:locale\" content=\"es_ES\" \/>\n<meta property=\"og:type\" content=\"article\" \/>\n<meta property=\"og:title\" content=\"Normas para autores - Ediciones Auriseduca\" \/>\n<meta property=\"og:description\" content=\"I. Sobre la naturaleza de los textos 1. Solo se aceptar\u00e1n trabajos originales e in\u00e9ditos. 2. Los textos deben estar en castellano. 3. La manuscritos se escribe en una extensi\u00f3n &hellip; Read More\" \/>\n<meta property=\"og:url\" content=\"https:\/\/edicionesauriseduca.com\/web\/normas-para-autores-aurisletras\/\" \/>\n<meta property=\"og:site_name\" content=\"Ediciones Auriseduca\" \/>\n<meta property=\"article:modified_time\" content=\"2022-03-02T19:48:28+00:00\" \/>\n<meta name=\"twitter:card\" content=\"summary_large_image\" \/>\n<meta name=\"twitter:label1\" content=\"Est. reading time\" \/>\n\t<meta name=\"twitter:data1\" content=\"1 minuto\" \/>\n<script type=\"application\/ld+json\" class=\"yoast-schema-graph\">{\"@context\":\"https:\\\/\\\/schema.org\",\"@graph\":[{\"@type\":\"WebPage\",\"@id\":\"https:\\\/\\\/edicionesauriseduca.com\\\/web\\\/normas-para-autores-aurisletras\\\/\",\"url\":\"https:\\\/\\\/edicionesauriseduca.com\\\/web\\\/normas-para-autores-aurisletras\\\/\",\"name\":\"Normas para autores - Ediciones Auriseduca\",\"isPartOf\":{\"@id\":\"https:\\\/\\\/edicionesauriseduca.com\\\/web\\\/#website\"},\"datePublished\":\"2022-02-01T04:30:13+00:00\",\"dateModified\":\"2022-03-02T19:48:28+00:00\",\"breadcrumb\":{\"@id\":\"https:\\\/\\\/edicionesauriseduca.com\\\/web\\\/normas-para-autores-aurisletras\\\/#breadcrumb\"},\"inLanguage\":\"es-PE\",\"potentialAction\":[{\"@type\":\"ReadAction\",\"target\":[\"https:\\\/\\\/edicionesauriseduca.com\\\/web\\\/normas-para-autores-aurisletras\\\/\"]}]},{\"@type\":\"BreadcrumbList\",\"@id\":\"https:\\\/\\\/edicionesauriseduca.com\\\/web\\\/normas-para-autores-aurisletras\\\/#breadcrumb\",\"itemListElement\":[{\"@type\":\"ListItem\",\"position\":1,\"name\":\"Portada\",\"item\":\"https:\\\/\\\/edicionesauriseduca.com\\\/web\\\/\"},{\"@type\":\"ListItem\",\"position\":2,\"name\":\"Normas para autores\"}]},{\"@type\":\"WebSite\",\"@id\":\"https:\\\/\\\/edicionesauriseduca.com\\\/web\\\/#website\",\"url\":\"https:\\\/\\\/edicionesauriseduca.com\\\/web\\\/\",\"name\":\"Ediciones Auriseduca\",\"description\":\"\",\"potentialAction\":[{\"@type\":\"SearchAction\",\"target\":{\"@type\":\"EntryPoint\",\"urlTemplate\":\"https:\\\/\\\/edicionesauriseduca.com\\\/web\\\/?s={search_term_string}\"},\"query-input\":{\"@type\":\"PropertyValueSpecification\",\"valueRequired\":true,\"valueName\":\"search_term_string\"}}],\"inLanguage\":\"es-PE\"}]}<\/script>\n<!-- \/ Yoast SEO plugin. -->","yoast_head_json":{"title":"Normas para autores - Ediciones Auriseduca","robots":{"index":"index","follow":"follow","max-snippet":"max-snippet:-1","max-image-preview":"max-image-preview:large","max-video-preview":"max-video-preview:-1"},"canonical":"https:\/\/edicionesauriseduca.com\/web\/normas-para-autores-aurisletras\/","og_locale":"es_ES","og_type":"article","og_title":"Normas para autores - Ediciones Auriseduca","og_description":"I. Sobre la naturaleza de los textos 1. Solo se aceptar\u00e1n trabajos originales e in\u00e9ditos. 2. Los textos deben estar en castellano. 3. La manuscritos se escribe en una extensi\u00f3n &hellip; Read More","og_url":"https:\/\/edicionesauriseduca.com\/web\/normas-para-autores-aurisletras\/","og_site_name":"Ediciones Auriseduca","article_modified_time":"2022-03-02T19:48:28+00:00","twitter_card":"summary_large_image","twitter_misc":{"Est. reading time":"1 minuto"},"schema":{"@context":"https:\/\/schema.org","@graph":[{"@type":"WebPage","@id":"https:\/\/edicionesauriseduca.com\/web\/normas-para-autores-aurisletras\/","url":"https:\/\/edicionesauriseduca.com\/web\/normas-para-autores-aurisletras\/","name":"Normas para autores - Ediciones Auriseduca","isPartOf":{"@id":"https:\/\/edicionesauriseduca.com\/web\/#website"},"datePublished":"2022-02-01T04:30:13+00:00","dateModified":"2022-03-02T19:48:28+00:00","breadcrumb":{"@id":"https:\/\/edicionesauriseduca.com\/web\/normas-para-autores-aurisletras\/#breadcrumb"},"inLanguage":"es-PE","potentialAction":[{"@type":"ReadAction","target":["https:\/\/edicionesauriseduca.com\/web\/normas-para-autores-aurisletras\/"]}]},{"@type":"BreadcrumbList","@id":"https:\/\/edicionesauriseduca.com\/web\/normas-para-autores-aurisletras\/#breadcrumb","itemListElement":[{"@type":"ListItem","position":1,"name":"Portada","item":"https:\/\/edicionesauriseduca.com\/web\/"},{"@type":"ListItem","position":2,"name":"Normas para autores"}]},{"@type":"WebSite","@id":"https:\/\/edicionesauriseduca.com\/web\/#website","url":"https:\/\/edicionesauriseduca.com\/web\/","name":"Ediciones Auriseduca","description":"","potentialAction":[{"@type":"SearchAction","target":{"@type":"EntryPoint","urlTemplate":"https:\/\/edicionesauriseduca.com\/web\/?s={search_term_string}"},"query-input":{"@type":"PropertyValueSpecification","valueRequired":true,"valueName":"search_term_string"}}],"inLanguage":"es-PE"}]}},"_links":{"self":[{"href":"https:\/\/edicionesauriseduca.com\/web\/wp-json\/wp\/v2\/pages\/78","targetHints":{"allow":["GET"]}}],"collection":[{"href":"https:\/\/edicionesauriseduca.com\/web\/wp-json\/wp\/v2\/pages"}],"about":[{"href":"https:\/\/edicionesauriseduca.com\/web\/wp-json\/wp\/v2\/types\/page"}],"author":[{"embeddable":true,"href":"https:\/\/edicionesauriseduca.com\/web\/wp-json\/wp\/v2\/users\/2"}],"replies":[{"embeddable":true,"href":"https:\/\/edicionesauriseduca.com\/web\/wp-json\/wp\/v2\/comments?post=78"}],"version-history":[{"count":3,"href":"https:\/\/edicionesauriseduca.com\/web\/wp-json\/wp\/v2\/pages\/78\/revisions"}],"predecessor-version":[{"id":1300,"href":"https:\/\/edicionesauriseduca.com\/web\/wp-json\/wp\/v2\/pages\/78\/revisions\/1300"}],"wp:attachment":[{"href":"https:\/\/edicionesauriseduca.com\/web\/wp-json\/wp\/v2\/media?parent=78"}],"curies":[{"name":"wp","href":"https:\/\/api.w.org\/{rel}","templated":true}]}}