{"id":4155,"date":"2025-09-18T21:13:39","date_gmt":"2025-09-19T02:13:39","guid":{"rendered":"https:\/\/edicionesauriseduca.com\/web\/?page_id=4155"},"modified":"2025-09-18T21:58:03","modified_gmt":"2025-09-19T02:58:03","slug":"revista-auris-educacion-y-literatura","status":"publish","type":"page","link":"https:\/\/edicionesauriseduca.com\/web\/revista-auris-educacion-y-literatura\/","title":{"rendered":"REVISTA AURIS &#8211; EDUCACION Y LITERATURA"},"content":{"rendered":"\t\t<div data-elementor-type=\"wp-page\" data-elementor-id=\"4155\" class=\"elementor elementor-4155\" data-elementor-post-type=\"page\">\n\t\t\t\t\t\t<section class=\"elementor-section elementor-top-section elementor-element elementor-element-0025f82 elementor-section-boxed elementor-section-height-default elementor-section-height-default\" data-id=\"0025f82\" data-element_type=\"section\" data-e-type=\"section\">\n\t\t\t\t\t\t<div class=\"elementor-container elementor-column-gap-default\">\n\t\t\t\t\t<div class=\"elementor-column elementor-col-100 elementor-top-column elementor-element elementor-element-803ad33\" data-id=\"803ad33\" data-element_type=\"column\" data-e-type=\"column\">\n\t\t\t<div class=\"elementor-widget-wrap elementor-element-populated\">\n\t\t\t\t\t\t<div class=\"elementor-element elementor-element-04bedda elementor-grid-1 elementor-grid-tablet-2 elementor-grid-mobile-1 elementor-posts--thumbnail-top elementor-widget elementor-widget-posts\" data-id=\"04bedda\" data-element_type=\"widget\" data-e-type=\"widget\" data-settings=\"{&quot;classic_columns&quot;:&quot;1&quot;,&quot;classic_columns_tablet&quot;:&quot;2&quot;,&quot;classic_columns_mobile&quot;:&quot;1&quot;,&quot;classic_row_gap&quot;:{&quot;unit&quot;:&quot;px&quot;,&quot;size&quot;:35,&quot;sizes&quot;:[]},&quot;classic_row_gap_tablet&quot;:{&quot;unit&quot;:&quot;px&quot;,&quot;size&quot;:&quot;&quot;,&quot;sizes&quot;:[]},&quot;classic_row_gap_mobile&quot;:{&quot;unit&quot;:&quot;px&quot;,&quot;size&quot;:&quot;&quot;,&quot;sizes&quot;:[]}}\" data-widget_type=\"posts.classic\">\n\t\t\t\t<div class=\"elementor-widget-container\">\n\t\t\t\t\t\t\t<div class=\"elementor-posts-container elementor-posts elementor-posts--skin-classic elementor-grid\" role=\"list\">\r\n\t\t\t\t<article class=\"elementor-post elementor-grid-item post-4305 post type-post status-publish format-standard hentry category-auris entry\" role=\"listitem\">\r\n\t\t\t\t<div class=\"elementor-post__text\">\r\n\t\t\t\t<h3 class=\"elementor-post__title\">\r\n\t\t\t<a href=\"https:\/\/edicionesauriseduca.com\/web\/poesia-territorio-de-espiritu-y-libertad-humana\/\" >\r\n\t\t\t\tPOESIA: TERRITORIO DEL ESP\u00cdRITU Y LIBERTAD HUMANA\t\t\t<\/a>\r\n\t\t<\/h3>\r\n\t\t\t\t<div class=\"elementor-post__excerpt\">\r\n\t\t\t<p>PDF EPUB Enviar Gu\u00eda did\u00e1ctica para orientar a tesistas y docentes en la elaboraci\u00f3n rigurosa de proyectos de tesis cuantitativos<\/p>\n\t\t<\/div>\r\n\t\t\r\n\t\t<a class=\"elementor-post__read-more\" href=\"https:\/\/edicionesauriseduca.com\/web\/poesia-territorio-de-espiritu-y-libertad-humana\/\" aria-label=\"Read more about POESIA: TERRITORIO DEL ESP\u00cdRITU Y LIBERTAD HUMANA\" tabindex=\"-1\" >\r\n\t\t\tRead More \u00bb\t\t<\/a>\r\n\r\n\t\t\t\t<\/div>\r\n\t\t\t\t<\/article>\r\n\t\t\t\t<article class=\"elementor-post elementor-grid-item post-4206 post type-post status-publish format-standard hentry category-auris entry\" role=\"listitem\">\r\n\t\t\t\t<div class=\"elementor-post__text\">\r\n\t\t\t\t<h3 class=\"elementor-post__title\">\r\n\t\t\t<a href=\"https:\/\/edicionesauriseduca.com\/web\/revista-auris-ano-03-n13-setiembre-2025\/\" >\r\n\t\t\t\tREVISTA AURIS -A\u00d1O 03 &#8211; N\u00b013 &#8211; SETIEMBRE -2025\t\t\t<\/a>\r\n\t\t<\/h3>\r\n\t\t\t\t<div class=\"elementor-post__excerpt\">\r\n\t\t\t<p>La literatura es una poderosa herramienta al servicio de la educaci\u00f3n PDF EPUB Enviar<\/p>\n\t\t<\/div>\r\n\t\t\r\n\t\t<a class=\"elementor-post__read-more\" href=\"https:\/\/edicionesauriseduca.com\/web\/revista-auris-ano-03-n13-setiembre-2025\/\" aria-label=\"Read more about REVISTA AURIS -A\u00d1O 03 &#8211; N\u00b013 &#8211; SETIEMBRE -2025\" tabindex=\"-1\" >\r\n\t\t\tRead More \u00bb\t\t<\/a>\r\n\r\n\t\t\t\t<\/div>\r\n\t\t\t\t<\/article>\r\n\t\t\t\t<article class=\"elementor-post elementor-grid-item post-4117 post type-post status-publish format-standard hentry category-auris entry\" role=\"listitem\">\r\n\t\t\t\t<div class=\"elementor-post__text\">\r\n\t\t\t\t<h3 class=\"elementor-post__title\">\r\n\t\t\t<a href=\"https:\/\/edicionesauriseduca.com\/web\/revista-auris-ano-02-n12-julio-2025\/\" >\r\n\t\t\t\tREVISTA AURIS -A\u00d1O 02 &#8211; N\u00b012 &#8211; JULIO -2025\t\t\t<\/a>\r\n\t\t<\/h3>\r\n\t\t\t\t<div class=\"elementor-post__excerpt\">\r\n\t\t\t<p>En esta edici\u00f3n se presenta una entrevista a la reconocida poeta ecuatoriana Jacqueline Costales, quien adem\u00e1s aparece en la portada. El n\u00famero incluye tambi\u00e9n la colaboraci\u00f3n de destacados poetas de<\/p>\n\t\t<\/div>\r\n\t\t\r\n\t\t<a class=\"elementor-post__read-more\" href=\"https:\/\/edicionesauriseduca.com\/web\/revista-auris-ano-02-n12-julio-2025\/\" aria-label=\"Read more about REVISTA AURIS -A\u00d1O 02 &#8211; N\u00b012 &#8211; JULIO -2025\" tabindex=\"-1\" >\r\n\t\t\tRead More \u00bb\t\t<\/a>\r\n\r\n\t\t\t\t<\/div>\r\n\t\t\t\t<\/article>\r\n\t\t\t\t<article class=\"elementor-post elementor-grid-item post-4079 post type-post status-publish format-standard hentry category-auris entry\" role=\"listitem\">\r\n\t\t\t\t<div class=\"elementor-post__text\">\r\n\t\t\t\t<h3 class=\"elementor-post__title\">\r\n\t\t\t<a href=\"https:\/\/edicionesauriseduca.com\/web\/revista-auris-ano-02-n11-mayo-2025\/\" >\r\n\t\t\t\tREVISTA AURIS -A\u00d1O 02 &#8211; N\u00b011 &#8211; MAYO -2025\t\t\t<\/a>\r\n\t\t<\/h3>\r\n\t\t\t\t<div class=\"elementor-post__excerpt\">\r\n\t\t\t<p>Le acompa\u00f1a este texto: Esta edici\u00f3n destacamos las ideas del reconocido pedagogo Le\u00f3n Trahtemberg y de acad\u00e9micos internacionales que ampl\u00edan las perspectivas sobre las pol\u00edticas educativas: Luz Mart\u00ednez, Espa\u00f1a; Marcelo<\/p>\n\t\t<\/div>\r\n\t\t\r\n\t\t<a class=\"elementor-post__read-more\" href=\"https:\/\/edicionesauriseduca.com\/web\/revista-auris-ano-02-n11-mayo-2025\/\" aria-label=\"Read more about REVISTA AURIS -A\u00d1O 02 &#8211; N\u00b011 &#8211; MAYO -2025\" tabindex=\"-1\" >\r\n\t\t\tRead More \u00bb\t\t<\/a>\r\n\r\n\t\t\t\t<\/div>\r\n\t\t\t\t<\/article>\r\n\t\t\t\t<article class=\"elementor-post elementor-grid-item post-4054 post type-post status-publish format-standard hentry category-auris entry\" role=\"listitem\">\r\n\t\t\t\t<div class=\"elementor-post__text\">\r\n\t\t\t\t<h3 class=\"elementor-post__title\">\r\n\t\t\t<a href=\"https:\/\/edicionesauriseduca.com\/web\/revista-auris-ano-02-n10-marzo-2025\/\" >\r\n\t\t\t\tREVISTA AURIS -A\u00d1O 02 &#8211; N\u00b010 &#8211; MARZO -2025\t\t\t<\/a>\r\n\t\t<\/h3>\r\n\t\t\t\t<div class=\"elementor-post__excerpt\">\r\n\t\t\t<p>Voces como las de Pamela Simoncelli, Rub\u00e9n Rodr\u00edguez, Omaira Vivas, Iriana Gonz\u00e1lez, Isaac Huam\u00e1n y \u00d3lfir Guzm\u00e1n se entretejen en una copla coral que refleja la diversidad vital de la<\/p>\n\t\t<\/div>\r\n\t\t\r\n\t\t<a class=\"elementor-post__read-more\" href=\"https:\/\/edicionesauriseduca.com\/web\/revista-auris-ano-02-n10-marzo-2025\/\" aria-label=\"Read more about REVISTA AURIS -A\u00d1O 02 &#8211; N\u00b010 &#8211; MARZO -2025\" tabindex=\"-1\" >\r\n\t\t\tRead More \u00bb\t\t<\/a>\r\n\r\n\t\t\t\t<\/div>\r\n\t\t\t\t<\/article>\r\n\t\t\t\t<article class=\"elementor-post elementor-grid-item post-3948 post type-post status-publish format-standard hentry category-auris entry\" role=\"listitem\">\r\n\t\t\t\t<div class=\"elementor-post__text\">\r\n\t\t\t\t<h3 class=\"elementor-post__title\">\r\n\t\t\t<a href=\"https:\/\/edicionesauriseduca.com\/web\/revista-auris-ano-02-n09-enero-2025\/\" >\r\n\t\t\t\tREVISTA AURIS -A\u00d1O 02 &#8211; N\u00b009 &#8211; ENERO -2025\t\t\t<\/a>\r\n\t\t<\/h3>\r\n\t\t\t\t<div class=\"elementor-post__excerpt\">\r\n\t\t\t<p>\u00bb La \u00e9tica del bien hacer, del activo m\u00e1s poderoso del quehacer docente en el ecosistema educativo \u00ab PDF EPUB Enviar<\/p>\n\t\t<\/div>\r\n\t\t\r\n\t\t<a class=\"elementor-post__read-more\" href=\"https:\/\/edicionesauriseduca.com\/web\/revista-auris-ano-02-n09-enero-2025\/\" aria-label=\"Read more about REVISTA AURIS -A\u00d1O 02 &#8211; N\u00b009 &#8211; ENERO -2025\" tabindex=\"-1\" >\r\n\t\t\tRead More \u00bb\t\t<\/a>\r\n\r\n\t\t\t\t<\/div>\r\n\t\t\t\t<\/article>\r\n\t\t\t\t<article class=\"elementor-post elementor-grid-item post-3921 post type-post status-publish format-standard hentry category-auris entry\" role=\"listitem\">\r\n\t\t\t\t<div class=\"elementor-post__text\">\r\n\t\t\t\t<h3 class=\"elementor-post__title\">\r\n\t\t\t<a href=\"https:\/\/edicionesauriseduca.com\/web\/revista-auris-ano-02-n08-noviembre-2024\/\" >\r\n\t\t\t\tREVISTA AURIS -A\u00d1O 02 &#8211; N\u00b008 &#8211; NOVIEMBRE &#8211; 2024\t\t\t<\/a>\r\n\t\t<\/h3>\r\n\t\t\t\t<div class=\"elementor-post__excerpt\">\r\n\t\t\t<p>\u00abPoemas, desde la profundidad del cuerpoy del ser\u00bb PDF EPUB Enviar<\/p>\n\t\t<\/div>\r\n\t\t\r\n\t\t<a class=\"elementor-post__read-more\" href=\"https:\/\/edicionesauriseduca.com\/web\/revista-auris-ano-02-n08-noviembre-2024\/\" aria-label=\"Read more about REVISTA AURIS -A\u00d1O 02 &#8211; N\u00b008 &#8211; NOVIEMBRE &#8211; 2024\" tabindex=\"-1\" >\r\n\t\t\tRead More \u00bb\t\t<\/a>\r\n\r\n\t\t\t\t<\/div>\r\n\t\t\t\t<\/article>\r\n\t\t\t\t<article class=\"elementor-post elementor-grid-item post-3843 post type-post status-publish format-standard hentry category-auris entry\" role=\"listitem\">\r\n\t\t\t\t<div class=\"elementor-post__text\">\r\n\t\t\t\t<h3 class=\"elementor-post__title\">\r\n\t\t\t<a href=\"https:\/\/edicionesauriseduca.com\/web\/revista-auris-ano-02-n-07-setiembre-2024\/\" >\r\n\t\t\t\tREVISTA AURIS A\u00d1O 02 N\u00b0 07 SETIEMBRE 2024\t\t\t<\/a>\r\n\t\t<\/h3>\r\n\t\t\t\t<div class=\"elementor-post__excerpt\">\r\n\t\t\t<p>Conocer los beneficios de la internacionalizaci\u00f3n de la educaci\u00f3nsuperior, empodera la pr\u00e1ctica docente PDF EPUB Enviar<\/p>\n\t\t<\/div>\r\n\t\t\r\n\t\t<a class=\"elementor-post__read-more\" href=\"https:\/\/edicionesauriseduca.com\/web\/revista-auris-ano-02-n-07-setiembre-2024\/\" aria-label=\"Read more about REVISTA AURIS A\u00d1O 02 N\u00b0 07 SETIEMBRE 2024\" tabindex=\"-1\" >\r\n\t\t\tRead More \u00bb\t\t<\/a>\r\n\r\n\t\t\t\t<\/div>\r\n\t\t\t\t<\/article>\r\n\t\t\t\t<article class=\"elementor-post elementor-grid-item post-3772 post type-post status-publish format-standard hentry category-auris entry\" role=\"listitem\">\r\n\t\t\t\t<div class=\"elementor-post__text\">\r\n\t\t\t\t<h3 class=\"elementor-post__title\">\r\n\t\t\t<a href=\"https:\/\/edicionesauriseduca.com\/web\/revista-auris-ano-01-n-06-julio-2024\/\" >\r\n\t\t\t\tREVISTA AURIS A\u00d1O 01 N\u00b0 06 JULIO 2024\t\t\t<\/a>\r\n\t\t<\/h3>\r\n\t\t\t\t<div class=\"elementor-post__excerpt\">\r\n\t\t\t<p>Poemas humanos desde diversas voces PDF EPUB Enviar<\/p>\n\t\t<\/div>\r\n\t\t\r\n\t\t<a class=\"elementor-post__read-more\" href=\"https:\/\/edicionesauriseduca.com\/web\/revista-auris-ano-01-n-06-julio-2024\/\" aria-label=\"Read more about REVISTA AURIS A\u00d1O 01 N\u00b0 06 JULIO 2024\" tabindex=\"-1\" >\r\n\t\t\tRead More \u00bb\t\t<\/a>\r\n\r\n\t\t\t\t<\/div>\r\n\t\t\t\t<\/article>\r\n\t\t\t\t<article class=\"elementor-post elementor-grid-item post-3750 post type-post status-publish format-standard hentry category-auris entry\" role=\"listitem\">\r\n\t\t\t\t<div class=\"elementor-post__text\">\r\n\t\t\t\t<h3 class=\"elementor-post__title\">\r\n\t\t\t<a href=\"https:\/\/edicionesauriseduca.com\/web\/revista-auris-ano-01-n-05-mayo-2024\/\" >\r\n\t\t\t\tREVISTA AURIS A\u00d1O 01 N\u00b0 05 MAYO 2024\t\t\t<\/a>\r\n\t\t<\/h3>\r\n\t\t\t\t<div class=\"elementor-post__excerpt\">\r\n\t\t\t<p>Gobernanza&nbsp; para una alta gesti\u00f3n de la educaci\u00f3n b\u00e1sica PDF EPUB Enviar<\/p>\n\t\t<\/div>\r\n\t\t\r\n\t\t<a class=\"elementor-post__read-more\" href=\"https:\/\/edicionesauriseduca.com\/web\/revista-auris-ano-01-n-05-mayo-2024\/\" aria-label=\"Read more about REVISTA AURIS A\u00d1O 01 N\u00b0 05 MAYO 2024\" tabindex=\"-1\" >\r\n\t\t\tRead More \u00bb\t\t<\/a>\r\n\r\n\t\t\t\t<\/div>\r\n\t\t\t\t<\/article>\r\n\t\t\t\t<article class=\"elementor-post elementor-grid-item post-3674 post type-post status-publish format-standard hentry category-auris entry\" role=\"listitem\">\r\n\t\t\t\t<div class=\"elementor-post__text\">\r\n\t\t\t\t<h3 class=\"elementor-post__title\">\r\n\t\t\t<a href=\"https:\/\/edicionesauriseduca.com\/web\/revista-auris-ano-01-n-04-marzo-2024\/\" >\r\n\t\t\t\tREVISTA AURIS A\u00d1O 01 N\u00b0 04 MARZO 2024\t\t\t<\/a>\r\n\t\t<\/h3>\r\n\t\t\t\t<div class=\"elementor-post__excerpt\">\r\n\t\t\t<p>Poes\u00eda universal desde las profundidades del almaEscrito por poetas de: Per\u00fa, Colombia y M\u00e9xico PDF EPUB Enviar<\/p>\n\t\t<\/div>\r\n\t\t\r\n\t\t<a class=\"elementor-post__read-more\" href=\"https:\/\/edicionesauriseduca.com\/web\/revista-auris-ano-01-n-04-marzo-2024\/\" aria-label=\"Read more about REVISTA AURIS A\u00d1O 01 N\u00b0 04 MARZO 2024\" tabindex=\"-1\" >\r\n\t\t\tRead More \u00bb\t\t<\/a>\r\n\r\n\t\t\t\t<\/div>\r\n\t\t\t\t<\/article>\r\n\t\t\t\t<article class=\"elementor-post elementor-grid-item post-3649 post type-post status-publish format-standard hentry category-auris entry\" role=\"listitem\">\r\n\t\t\t\t<div class=\"elementor-post__text\">\r\n\t\t\t\t<h3 class=\"elementor-post__title\">\r\n\t\t\t<a href=\"https:\/\/edicionesauriseduca.com\/web\/revista-auris-ano-01-n-03-enero-2024\/\" >\r\n\t\t\t\tREVISTA AURIS A\u00d1O 01 N\u00b0 03 ENERO 2024\t\t\t<\/a>\r\n\t\t<\/h3>\r\n\t\t\t\t<div class=\"elementor-post__excerpt\">\r\n\t\t\t<p>Inteligencia artificial y educaci\u00f3n para un mejor aprendizaje. PDF EPUB Enviar<\/p>\n\t\t<\/div>\r\n\t\t\r\n\t\t<a class=\"elementor-post__read-more\" href=\"https:\/\/edicionesauriseduca.com\/web\/revista-auris-ano-01-n-03-enero-2024\/\" aria-label=\"Read more about REVISTA AURIS A\u00d1O 01 N\u00b0 03 ENERO 2024\" tabindex=\"-1\" >\r\n\t\t\tRead More \u00bb\t\t<\/a>\r\n\r\n\t\t\t\t<\/div>\r\n\t\t\t\t<\/article>\r\n\t\t\t\t<article class=\"elementor-post elementor-grid-item post-3629 post type-post status-publish format-standard hentry category-auris entry\" role=\"listitem\">\r\n\t\t\t\t<div class=\"elementor-post__text\">\r\n\t\t\t\t<h3 class=\"elementor-post__title\">\r\n\t\t\t<a href=\"https:\/\/edicionesauriseduca.com\/web\/revista-auris-ano-01-n-02-noviembre-2023-2\/\" >\r\n\t\t\t\tREVISTA AURIS A\u00d1O 01 N\u00b0 02 NOVIEMBRE 2023\t\t\t<\/a>\r\n\t\t<\/h3>\r\n\t\t\t\t<div class=\"elementor-post__excerpt\">\r\n\t\t\t<p>Poes\u00eda contempor\u00e1nea de estos tiempos. PDF EPUB Enviar<\/p>\n\t\t<\/div>\r\n\t\t\r\n\t\t<a class=\"elementor-post__read-more\" href=\"https:\/\/edicionesauriseduca.com\/web\/revista-auris-ano-01-n-02-noviembre-2023-2\/\" aria-label=\"Read more about REVISTA AURIS A\u00d1O 01 N\u00b0 02 NOVIEMBRE 2023\" tabindex=\"-1\" >\r\n\t\t\tRead More \u00bb\t\t<\/a>\r\n\r\n\t\t\t\t<\/div>\r\n\t\t\t\t<\/article>\r\n\t\t\t\t<article class=\"elementor-post elementor-grid-item post-3399 post type-post status-publish format-standard hentry category-auris entry\" role=\"listitem\">\r\n\t\t\t\t<div class=\"elementor-post__text\">\r\n\t\t\t\t<h3 class=\"elementor-post__title\">\r\n\t\t\t<a href=\"https:\/\/edicionesauriseduca.com\/web\/revista-auris-ano-01-n-01-setiembre-2023\/\" >\r\n\t\t\t\tREVISTA AURIS A\u00d1O 01 N\u00b0 01 SETIEMBRE 2023\t\t\t<\/a>\r\n\t\t<\/h3>\r\n\t\t\t\t<div class=\"elementor-post__excerpt\">\r\n\t\t\t<p>FORMACI\u00d3N DOCENTE DOI: https:\/\/zenodo.org\/records\/10152481 Version EPUB: https:\/\/heyzine.com\/flip-book\/135c8797e9.html PDF EPUB Enviar<\/p>\n\t\t<\/div>\r\n\t\t\r\n\t\t<a class=\"elementor-post__read-more\" href=\"https:\/\/edicionesauriseduca.com\/web\/revista-auris-ano-01-n-01-setiembre-2023\/\" aria-label=\"Read more about REVISTA AURIS A\u00d1O 01 N\u00b0 01 SETIEMBRE 2023\" tabindex=\"-1\" >\r\n\t\t\tRead More \u00bb\t\t<\/a>\r\n\r\n\t\t\t\t<\/div>\r\n\t\t\t\t<\/article>\r\n\t\t\t\t<\/div>\r\n\t\t\r\n\t\t\t\t\t\t<\/div>\n\t\t\t\t<\/div>\n\t\t\t\t\t<\/div>\n\t\t<\/div>\n\t\t\t\t\t<\/div>\n\t\t<\/section>\n\t\t\t\t<\/div>\n\t\t","protected":false},"excerpt":{"rendered":"","protected":false},"author":2,"featured_media":0,"parent":0,"menu_order":0,"comment_status":"closed","ping_status":"closed","template":"","meta":{"footnotes":""},"class_list":["post-4155","page","type-page","status-publish","hentry","entry"],"yoast_head":"<!-- This site is optimized with the Yoast SEO plugin v27.4 - https:\/\/yoast.com\/product\/yoast-seo-wordpress\/ -->\n<title>REVISTA AURIS - EDUCACION Y LITERATURA - Ediciones Auriseduca<\/title>\n<meta name=\"robots\" content=\"index, follow, max-snippet:-1, max-image-preview:large, max-video-preview:-1\" \/>\n<link rel=\"canonical\" href=\"https:\/\/edicionesauriseduca.com\/web\/revista-auris-educacion-y-literatura\/\" \/>\n<meta property=\"og:locale\" content=\"es_ES\" \/>\n<meta property=\"og:type\" content=\"article\" \/>\n<meta property=\"og:title\" content=\"REVISTA AURIS - EDUCACION Y LITERATURA - Ediciones Auriseduca\" \/>\n<meta property=\"og:url\" content=\"https:\/\/edicionesauriseduca.com\/web\/revista-auris-educacion-y-literatura\/\" \/>\n<meta property=\"og:site_name\" content=\"Ediciones Auriseduca\" \/>\n<meta property=\"article:modified_time\" content=\"2025-09-19T02:58:03+00:00\" \/>\n<meta name=\"twitter:card\" content=\"summary_large_image\" \/>\n<meta name=\"twitter:label1\" content=\"Est. reading time\" \/>\n\t<meta name=\"twitter:data1\" content=\"3 minutos\" \/>\n<script type=\"application\/ld+json\" class=\"yoast-schema-graph\">{\"@context\":\"https:\\\/\\\/schema.org\",\"@graph\":[{\"@type\":\"WebPage\",\"@id\":\"https:\\\/\\\/edicionesauriseduca.com\\\/web\\\/revista-auris-educacion-y-literatura\\\/\",\"url\":\"https:\\\/\\\/edicionesauriseduca.com\\\/web\\\/revista-auris-educacion-y-literatura\\\/\",\"name\":\"REVISTA AURIS - EDUCACION Y LITERATURA - Ediciones Auriseduca\",\"isPartOf\":{\"@id\":\"https:\\\/\\\/edicionesauriseduca.com\\\/web\\\/#website\"},\"datePublished\":\"2025-09-19T02:13:39+00:00\",\"dateModified\":\"2025-09-19T02:58:03+00:00\",\"breadcrumb\":{\"@id\":\"https:\\\/\\\/edicionesauriseduca.com\\\/web\\\/revista-auris-educacion-y-literatura\\\/#breadcrumb\"},\"inLanguage\":\"es-PE\",\"potentialAction\":[{\"@type\":\"ReadAction\",\"target\":[\"https:\\\/\\\/edicionesauriseduca.com\\\/web\\\/revista-auris-educacion-y-literatura\\\/\"]}]},{\"@type\":\"BreadcrumbList\",\"@id\":\"https:\\\/\\\/edicionesauriseduca.com\\\/web\\\/revista-auris-educacion-y-literatura\\\/#breadcrumb\",\"itemListElement\":[{\"@type\":\"ListItem\",\"position\":1,\"name\":\"Portada\",\"item\":\"https:\\\/\\\/edicionesauriseduca.com\\\/web\\\/\"},{\"@type\":\"ListItem\",\"position\":2,\"name\":\"REVISTA AURIS &#8211; EDUCACION Y LITERATURA\"}]},{\"@type\":\"WebSite\",\"@id\":\"https:\\\/\\\/edicionesauriseduca.com\\\/web\\\/#website\",\"url\":\"https:\\\/\\\/edicionesauriseduca.com\\\/web\\\/\",\"name\":\"Ediciones Auriseduca\",\"description\":\"\",\"potentialAction\":[{\"@type\":\"SearchAction\",\"target\":{\"@type\":\"EntryPoint\",\"urlTemplate\":\"https:\\\/\\\/edicionesauriseduca.com\\\/web\\\/?s={search_term_string}\"},\"query-input\":{\"@type\":\"PropertyValueSpecification\",\"valueRequired\":true,\"valueName\":\"search_term_string\"}}],\"inLanguage\":\"es-PE\"}]}<\/script>\n<!-- \/ Yoast SEO plugin. -->","yoast_head_json":{"title":"REVISTA AURIS - EDUCACION Y LITERATURA - Ediciones Auriseduca","robots":{"index":"index","follow":"follow","max-snippet":"max-snippet:-1","max-image-preview":"max-image-preview:large","max-video-preview":"max-video-preview:-1"},"canonical":"https:\/\/edicionesauriseduca.com\/web\/revista-auris-educacion-y-literatura\/","og_locale":"es_ES","og_type":"article","og_title":"REVISTA AURIS - EDUCACION Y LITERATURA - Ediciones Auriseduca","og_url":"https:\/\/edicionesauriseduca.com\/web\/revista-auris-educacion-y-literatura\/","og_site_name":"Ediciones Auriseduca","article_modified_time":"2025-09-19T02:58:03+00:00","twitter_card":"summary_large_image","twitter_misc":{"Est. reading time":"3 minutos"},"schema":{"@context":"https:\/\/schema.org","@graph":[{"@type":"WebPage","@id":"https:\/\/edicionesauriseduca.com\/web\/revista-auris-educacion-y-literatura\/","url":"https:\/\/edicionesauriseduca.com\/web\/revista-auris-educacion-y-literatura\/","name":"REVISTA AURIS - EDUCACION Y LITERATURA - Ediciones Auriseduca","isPartOf":{"@id":"https:\/\/edicionesauriseduca.com\/web\/#website"},"datePublished":"2025-09-19T02:13:39+00:00","dateModified":"2025-09-19T02:58:03+00:00","breadcrumb":{"@id":"https:\/\/edicionesauriseduca.com\/web\/revista-auris-educacion-y-literatura\/#breadcrumb"},"inLanguage":"es-PE","potentialAction":[{"@type":"ReadAction","target":["https:\/\/edicionesauriseduca.com\/web\/revista-auris-educacion-y-literatura\/"]}]},{"@type":"BreadcrumbList","@id":"https:\/\/edicionesauriseduca.com\/web\/revista-auris-educacion-y-literatura\/#breadcrumb","itemListElement":[{"@type":"ListItem","position":1,"name":"Portada","item":"https:\/\/edicionesauriseduca.com\/web\/"},{"@type":"ListItem","position":2,"name":"REVISTA AURIS &#8211; EDUCACION Y LITERATURA"}]},{"@type":"WebSite","@id":"https:\/\/edicionesauriseduca.com\/web\/#website","url":"https:\/\/edicionesauriseduca.com\/web\/","name":"Ediciones Auriseduca","description":"","potentialAction":[{"@type":"SearchAction","target":{"@type":"EntryPoint","urlTemplate":"https:\/\/edicionesauriseduca.com\/web\/?s={search_term_string}"},"query-input":{"@type":"PropertyValueSpecification","valueRequired":true,"valueName":"search_term_string"}}],"inLanguage":"es-PE"}]}},"_links":{"self":[{"href":"https:\/\/edicionesauriseduca.com\/web\/wp-json\/wp\/v2\/pages\/4155","targetHints":{"allow":["GET"]}}],"collection":[{"href":"https:\/\/edicionesauriseduca.com\/web\/wp-json\/wp\/v2\/pages"}],"about":[{"href":"https:\/\/edicionesauriseduca.com\/web\/wp-json\/wp\/v2\/types\/page"}],"author":[{"embeddable":true,"href":"https:\/\/edicionesauriseduca.com\/web\/wp-json\/wp\/v2\/users\/2"}],"replies":[{"embeddable":true,"href":"https:\/\/edicionesauriseduca.com\/web\/wp-json\/wp\/v2\/comments?post=4155"}],"version-history":[{"count":16,"href":"https:\/\/edicionesauriseduca.com\/web\/wp-json\/wp\/v2\/pages\/4155\/revisions"}],"predecessor-version":[{"id":4172,"href":"https:\/\/edicionesauriseduca.com\/web\/wp-json\/wp\/v2\/pages\/4155\/revisions\/4172"}],"wp:attachment":[{"href":"https:\/\/edicionesauriseduca.com\/web\/wp-json\/wp\/v2\/media?parent=4155"}],"curies":[{"name":"wp","href":"https:\/\/api.w.org\/{rel}","templated":true}]}}