{"id":31,"date":"2022-01-31T23:18:30","date_gmt":"2022-02-01T04:18:30","guid":{"rendered":"https:\/\/edicionesauriseduca.com\/web\/?page_id=31"},"modified":"2022-07-06T07:45:30","modified_gmt":"2022-07-06T12:45:30","slug":"sobre-nosotros-ediciones-auriseduca","status":"publish","type":"page","link":"https:\/\/edicionesauriseduca.com\/web\/sobre-nosotros-ediciones-auriseduca\/","title":{"rendered":""},"content":{"rendered":"\t\t<div data-elementor-type=\"wp-page\" data-elementor-id=\"31\" class=\"elementor elementor-31\" data-elementor-post-type=\"page\">\n\t\t\t\t\t\t<section class=\"elementor-section elementor-top-section elementor-element elementor-element-aff979f elementor-section-boxed elementor-section-height-default elementor-section-height-default\" data-id=\"aff979f\" data-element_type=\"section\" data-e-type=\"section\">\n\t\t\t\t\t\t<div class=\"elementor-container elementor-column-gap-default\">\n\t\t\t\t\t<div class=\"elementor-column elementor-col-100 elementor-top-column elementor-element elementor-element-8139ae2\" data-id=\"8139ae2\" data-element_type=\"column\" data-e-type=\"column\">\n\t\t\t<div class=\"elementor-widget-wrap elementor-element-populated\">\n\t\t\t\t\t\t<div class=\"elementor-element elementor-element-512fa61 elementor-widget elementor-widget-text-editor\" data-id=\"512fa61\" data-element_type=\"widget\" data-e-type=\"widget\" data-widget_type=\"text-editor.default\">\n\t\t\t\t<div class=\"elementor-widget-container\">\n\t\t\t\t\t\t\t\t\t<p><span style=\"color: var( --e-global-color-text ); font-family: var( --e-global-typography-text-font-family ), Sans-serif; font-weight: var( --e-global-typography-text-font-weight );\">Somos una editorial peruana con valores \u00e9ticos y solidarios, dedicados a publicar y divulgar obras acad\u00e9micas, literarias y cient\u00edficas de autores peruanos y del mundo, impulsando cooperaci\u00f3n e intercambio de conocimientos para enriquecer la cultura universal y generar desarrollo sostenido.<\/span><br><\/p>\t\t\t\t\t\t\t\t<\/div>\n\t\t\t\t<\/div>\n\t\t\t\t\t<\/div>\n\t\t<\/div>\n\t\t\t\t\t<\/div>\n\t\t<\/section>\n\t\t\t\t<\/div>\n\t\t","protected":false},"excerpt":{"rendered":"<p>Somos una editorial peruana con valores \u00e9ticos y solidarios, dedicados a publicar y divulgar obras acad\u00e9micas, literarias y cient\u00edficas de autores peruanos y del mundo, impulsando cooperaci\u00f3n e intercambio de &hellip; <a href=\"https:\/\/edicionesauriseduca.com\/web\/sobre-nosotros-ediciones-auriseduca\/\" class=\"more-link\">Read More<\/a><\/p>\n","protected":false},"author":2,"featured_media":0,"parent":0,"menu_order":0,"comment_status":"closed","ping_status":"closed","template":"","meta":{"footnotes":""},"class_list":["post-31","page","type-page","status-publish","hentry","entry"],"yoast_head":"<!-- This site is optimized with the Yoast SEO plugin v27.4 - https:\/\/yoast.com\/product\/yoast-seo-wordpress\/ -->\n<title>- Ediciones Auriseduca<\/title>\n<meta name=\"robots\" content=\"index, follow, max-snippet:-1, max-image-preview:large, max-video-preview:-1\" \/>\n<link rel=\"canonical\" href=\"https:\/\/edicionesauriseduca.com\/web\/sobre-nosotros-ediciones-auriseduca\/\" \/>\n<meta property=\"og:locale\" content=\"es_ES\" \/>\n<meta property=\"og:type\" content=\"article\" \/>\n<meta property=\"og:title\" content=\"- Ediciones Auriseduca\" \/>\n<meta property=\"og:description\" content=\"Somos una editorial peruana con valores \u00e9ticos y solidarios, dedicados a publicar y divulgar obras acad\u00e9micas, literarias y cient\u00edficas de autores peruanos y del mundo, impulsando cooperaci\u00f3n e intercambio de &hellip; Read More\" \/>\n<meta property=\"og:url\" content=\"https:\/\/edicionesauriseduca.com\/web\/sobre-nosotros-ediciones-auriseduca\/\" \/>\n<meta property=\"og:site_name\" content=\"Ediciones Auriseduca\" \/>\n<meta property=\"article:modified_time\" content=\"2022-07-06T12:45:30+00:00\" \/>\n<meta name=\"twitter:card\" content=\"summary_large_image\" \/>\n<meta name=\"twitter:label1\" content=\"Est. reading time\" \/>\n\t<meta name=\"twitter:data1\" content=\"1 minuto\" \/>\n<script type=\"application\/ld+json\" class=\"yoast-schema-graph\">{\"@context\":\"https:\\\/\\\/schema.org\",\"@graph\":[{\"@type\":\"WebPage\",\"@id\":\"https:\\\/\\\/edicionesauriseduca.com\\\/web\\\/sobre-nosotros-ediciones-auriseduca\\\/\",\"url\":\"https:\\\/\\\/edicionesauriseduca.com\\\/web\\\/sobre-nosotros-ediciones-auriseduca\\\/\",\"name\":\"- Ediciones Auriseduca\",\"isPartOf\":{\"@id\":\"https:\\\/\\\/edicionesauriseduca.com\\\/web\\\/#website\"},\"datePublished\":\"2022-02-01T04:18:30+00:00\",\"dateModified\":\"2022-07-06T12:45:30+00:00\",\"inLanguage\":\"es-PE\",\"potentialAction\":[{\"@type\":\"ReadAction\",\"target\":[\"https:\\\/\\\/edicionesauriseduca.com\\\/web\\\/sobre-nosotros-ediciones-auriseduca\\\/\"]}]},{\"@type\":\"WebSite\",\"@id\":\"https:\\\/\\\/edicionesauriseduca.com\\\/web\\\/#website\",\"url\":\"https:\\\/\\\/edicionesauriseduca.com\\\/web\\\/\",\"name\":\"Ediciones Auriseduca\",\"description\":\"\",\"potentialAction\":[{\"@type\":\"SearchAction\",\"target\":{\"@type\":\"EntryPoint\",\"urlTemplate\":\"https:\\\/\\\/edicionesauriseduca.com\\\/web\\\/?s={search_term_string}\"},\"query-input\":{\"@type\":\"PropertyValueSpecification\",\"valueRequired\":true,\"valueName\":\"search_term_string\"}}],\"inLanguage\":\"es-PE\"}]}<\/script>\n<!-- \/ Yoast SEO plugin. -->","yoast_head_json":{"title":"- Ediciones Auriseduca","robots":{"index":"index","follow":"follow","max-snippet":"max-snippet:-1","max-image-preview":"max-image-preview:large","max-video-preview":"max-video-preview:-1"},"canonical":"https:\/\/edicionesauriseduca.com\/web\/sobre-nosotros-ediciones-auriseduca\/","og_locale":"es_ES","og_type":"article","og_title":"- Ediciones Auriseduca","og_description":"Somos una editorial peruana con valores \u00e9ticos y solidarios, dedicados a publicar y divulgar obras acad\u00e9micas, literarias y cient\u00edficas de autores peruanos y del mundo, impulsando cooperaci\u00f3n e intercambio de &hellip; Read More","og_url":"https:\/\/edicionesauriseduca.com\/web\/sobre-nosotros-ediciones-auriseduca\/","og_site_name":"Ediciones Auriseduca","article_modified_time":"2022-07-06T12:45:30+00:00","twitter_card":"summary_large_image","twitter_misc":{"Est. reading time":"1 minuto"},"schema":{"@context":"https:\/\/schema.org","@graph":[{"@type":"WebPage","@id":"https:\/\/edicionesauriseduca.com\/web\/sobre-nosotros-ediciones-auriseduca\/","url":"https:\/\/edicionesauriseduca.com\/web\/sobre-nosotros-ediciones-auriseduca\/","name":"- Ediciones Auriseduca","isPartOf":{"@id":"https:\/\/edicionesauriseduca.com\/web\/#website"},"datePublished":"2022-02-01T04:18:30+00:00","dateModified":"2022-07-06T12:45:30+00:00","inLanguage":"es-PE","potentialAction":[{"@type":"ReadAction","target":["https:\/\/edicionesauriseduca.com\/web\/sobre-nosotros-ediciones-auriseduca\/"]}]},{"@type":"WebSite","@id":"https:\/\/edicionesauriseduca.com\/web\/#website","url":"https:\/\/edicionesauriseduca.com\/web\/","name":"Ediciones Auriseduca","description":"","potentialAction":[{"@type":"SearchAction","target":{"@type":"EntryPoint","urlTemplate":"https:\/\/edicionesauriseduca.com\/web\/?s={search_term_string}"},"query-input":{"@type":"PropertyValueSpecification","valueRequired":true,"valueName":"search_term_string"}}],"inLanguage":"es-PE"}]}},"_links":{"self":[{"href":"https:\/\/edicionesauriseduca.com\/web\/wp-json\/wp\/v2\/pages\/31","targetHints":{"allow":["GET"]}}],"collection":[{"href":"https:\/\/edicionesauriseduca.com\/web\/wp-json\/wp\/v2\/pages"}],"about":[{"href":"https:\/\/edicionesauriseduca.com\/web\/wp-json\/wp\/v2\/types\/page"}],"author":[{"embeddable":true,"href":"https:\/\/edicionesauriseduca.com\/web\/wp-json\/wp\/v2\/users\/2"}],"replies":[{"embeddable":true,"href":"https:\/\/edicionesauriseduca.com\/web\/wp-json\/wp\/v2\/comments?post=31"}],"version-history":[{"count":18,"href":"https:\/\/edicionesauriseduca.com\/web\/wp-json\/wp\/v2\/pages\/31\/revisions"}],"predecessor-version":[{"id":1639,"href":"https:\/\/edicionesauriseduca.com\/web\/wp-json\/wp\/v2\/pages\/31\/revisions\/1639"}],"wp:attachment":[{"href":"https:\/\/edicionesauriseduca.com\/web\/wp-json\/wp\/v2\/media?parent=31"}],"curies":[{"name":"wp","href":"https:\/\/api.w.org\/{rel}","templated":true}]}}